ided by 146.
70
Let h = -43 + 42. Let v be (h - 2) + 5 - 14*-1. Let k = 53 - v. What is the remainder when 145 is divided by k?
34
Let c = -750 - -396. Let x = c + 419. Let s(v) = v**3 + 7*v**2 + 3*v + 5. What is the remainder when x is divided by s(-6)?
19
Let d(r) = -48*r - 2. Let z(b) = 10*b**2 + 877*b - 879. Calculate the remainder when d(-2) is divided by z(1).
6
Suppose 26*f = -34*f + 56*f + 392. What is the remainder when 571 is divided by f?
81
Suppose 5*m - 131 = s, -3*s = 5*m + s - 126. What is the remainder when ((-22)/6)/((-1)/3) is divided by (-152)/(-26) - (-4)/m?
5
Suppose -4*z = -8, -3*z - 2807 = -2*k - 889. What is the remainder when 976 is divided by k?
14
Suppose 18*x = 3563 + 7345. What is the remainder when x is divided by 135?
66
Let a(o) = 9 + o**3 + 8*o**2 - 28*o + o + 7*o**2 + 0*o**2 + 11*o**2. Suppose -3*f + 69 = -0*f. What is the remainder when f is divided by a(-27)?
5
Suppose -2*a = -7*a + 160. Suppose -p = 12 - a. What is the remainder when 35 is divided by p?
15
What is the remainder when (489/2)/((-282)/(-3196)) is divided by 36?
35
Let q = -148 + 278. Let l = q + -12. Calculate the remainder when l is divided by 4/14 - (-278)/7.
38
Suppose -1511 = 14*c - 1889. Suppose -3*j - j = -104. Let p = -10 + j. What is the remainder when c is divided by p?
11
Let q be (-3)/9 + (-1)/(-3). Suppose 5*x - 111 + 36 = q. What is the remainder when (12/(-9) + 6/72)*-44 is divided by x?
10
Let n(i) = -i**2 + 25*i - 27. Let o = -40 + 60. Suppose -4*g = -4*r - 82 + 2, -2*r - 65 = -3*g. Calculate the remainder when n(o) is divided by g.
23
Suppose 5*t + 14610 = 13*t - 3*t. Calculate the remainder when t is divided by 22.
18
Suppose 2*m = p - 20, -2*p + 3*p - 23 = 5*m. Suppose 0 = 2*n - 44439 + 43509. What is the remainder when n is divided by p?
15
Let j = 2732 + -2731. Suppose 4*g = -p + 20, -3*g = -2*g + 2*p - 12. Calculate the remainder when g is divided by j.
0
Suppose 44*p - 125*p + 9963 = 0. What is the remainder when 489 is divided by p?
120
Let o = -13955 + 14076. What is the remainder when 471 is divided by o?
108
Suppose -17*z = -5922 + 1519. Let b = -107 + z. What is the remainder when b is divided by 31?
28
Let p(m) = 2*m - 10. Let n be p(7). Suppose 0*s - 268 = -3*j - s, -3*j + n*s + 248 = 0. Suppose -12*f + j = -8*f. What is the remainder when 34 is divided by f?
12
Let h(o) = o**3 - 12*o**2 + 4*o - 3. Suppose 6*n + 16 = 10*n. Suppose -3*u + 4*p + 2 = -30, 4*p + 44 = n*u. What is the remainder when 132 is divided by h(u)?
42
Suppose -6*s + 12 = -2*s - 4*w, 5*s = 2*w + 6. Suppose s = -3*k - 3*m + 321, -3*k + 3*m + 249 = -66. What is the remainder when k is divided by 37?
32
Let l = 11336 - 9370. What is the remainder when l is divided by 123?
121
Suppose 3*m - h + 29 = 113, -5*m + 3*h + 144 = 0. Calculate the remainder when 11042 is divided by m.
26
Let i(s) = -s**3 - 55*s**2 + 261*s - 13. Let g(u) = -u**3 - 8*u**2 - 8*u + 3. What is the remainder when i(4) is divided by g(-7)?
7
Suppose 23*r - 2733 = 418. Let p(g) = -58*g. Let y be p(-2). Suppose 4*i - 16 = 0, -y = -6*v + 2*v - i. What is the remainder when r is divided by v?
25
Calculate the remainder when (326 - (0 + 28))*(-2)/((-4)/6) is divided by 90.
84
Let d = -21 + 236. Let z = d + -199. Calculate the remainder when 45 is divided by z.
13
Let n(b) = 1090*b + 44. Calculate the remainder when n(2) is divided by 5.
4
Calculate the remainder when 178 is divided by 200/(-80) + 3 + 68/8.
7
Let t be 30520/(-105)*12/8. Suppose -3*f - 469 - 437 = 0. Let y = f - t. Calculate the remainder when y is divided by 15.
14
Suppose 26 = p - r, -95*p - 54 = -98*p - 5*r. Calculate the remainder when 1/4 + 731/4 is divided by p.
22
Let k = 137 - -203. Suppose -5*v + 4*g = -k, 2*g - 4*g = 2*v - 136. What is the remainder when v is divided by (-24)/(-9)*(-42)/(-8)?
12
Let r = 7502 - 6749. Calculate the remainder when r is divided by 14.
11
What is the remainder when 1334 is divided by (3950/4)/(110/44)?
149
Suppose 386 = 2*b - 4*u, b - 3*u - 185 = -5*u. Calculate the remainder when 7178 is divided by b.
185
Let n = 27367 - 26983. What is the remainder when n is divided by 373?
11
Suppose 8*m = 27*m - 7771. What is the remainder when 1446 is divided by m?
219
Suppose 4*r - 1 + 22 = 3*n, n = -r. Suppose -3*o - n + 54 = 0. What is the remainder when ((70/(-8))/(-5))/((-2)/(-56)) is divided by o?
15
Calculate the remainder when ((-153)/(-54))/(15/13410) is divided by 39.
37
Suppose 210*f = -19*f + 159992 + 160608. Calculate the remainder when f is divided by 204.
176
Suppose -142 = -2*b + 5*f, 6*b - 3*f - 256 = 2*b. Suppose 0 = 27*c - 3835 - 2726. What is the remainder when c is divided by b?
60
Let j(w) = -5*w - 34. Let y be 4/(-8)*-2*5. Suppose 0 = -n - 2*z + y*z + 22, -2*n - 5*z = -77. Calculate the remainder when n is divided by j(-9).
9
Let t(v) = -v**2 - 14*v - 137. Let g be t(-32). Let d = g - -728. Calculate the remainder when 179 is divided by d.
14
Let i(h) = h**2 - 9*h + 8. Let j be i(8). Let p(s) = -20 + j*s**2 + 6*s - 6*s**2 + s**3 - s. Calculate the remainder when 25 is divided by p(6).
5
Let n = 5725 + -5616. Calculate the remainder when 4467 is divided by n.
107
Calculate the remainder when ((-126)/10)/(((-208)/1440)/13) is divided by 25.
9
Let l = -15583 + 15993. What is the remainder when l is divided by 200?
10
Suppose 0 = -4*k + 8*k - 28. Suppose -z - k = -t, t - 5*z + 2*z - 5 = 0. Let b = -30 + 75. What is the remainder when b is divided by t?
5
Let j = -49768 + 49784. Suppose 2*h = -51 + 157. What is the remainder when h is divided by j?
5
Let t(v) = -v - 49. Let h(c) = -50. Let u(p) = -3*h(p) + 2*t(p). Calculate the remainder when 135 is divided by u(-8).
67
Let b be (-2 - (2 - -25))*312/(-26). Suppose 127 - b = -k. Calculate the remainder when k is divided by (-56)/6*(-6)/4.
11
Let r(s) = s**2 - 7*s - 8. Let d be r(8). Suppose d = -x - 3*x + 12, 2*b = 5*x + 3. Calculate the remainder when 22 is divided by (-265)/(-40) - b/(-24).
1
What is the remainder when (-57 + 53)*(-125)/4 is divided by 42?
41
Suppose 4*b = -5*h + 6932, 0 = 3*h - 2*b + 3*b - 4162. Suppose 6*l + 2*k = l + h, 1385 = 5*l + 5*k. What is the remainder when l is divided by 10?
8
Let c(i) = i**2 + 3*i - 25. Let b be c(8). Let s = -46 + b. Suppose -4*h + 567 = 5*h. Calculate the remainder when h is divided by s.
12
Suppose -f + 15 = 5*c, -2*f + 6 = 2*c + 2*f. Suppose -170 + 305 = 3*t. Suppose -27 - 738 = -t*y. Calculate the remainder when y is divided by c.
2
Let g(l) = 94*l - 2281. Let h be 3 + 0 + -1 + 2. Suppose h*a = -a + 120. What is the remainder when g(25) is divided by a?
21
Let j = 13 - -7. Let z be (-3)/(-2) + 1026/12. Let f = z - 81. What is the remainder when j is divided by f?
2
What is the remainder when 161 is divided by 1 + 21/(-23) + 6988/46?
9
What is the remainder when ((-2878)/(-1))/(-10*7/(-35)) is divided by 6?
5
Suppose -m - 5 = -1, 0 = b - 5*m + 18. Let a = 31 - b. What is the remainder when a is divided by 1/(-3*(-2)/108)?
15
Suppose -5*r - 2746 = -3*t, 3*t = -0*r - r + 2752. Suppose 322 + t = 7*c. What is the remainder when c is divided by 14?
9
Let q(g) = 3*g - 19. Let f(n) = 2*n - 18. Let h = 9 + -5. Let i(w) = h*q(w) - 5*f(w). What is the remainder when i(7) is divided by 16?
12
Let p(m) be the first derivative of -2*m**3/3 - 25*m**2/2 - 16*m - 1. Let w be ((-1078)/147)/(6/9). What is the remainder when 32 is divided by p(w)?
15
Let z = -382 + 746. Let y = -219 + z. Calculate the remainder when y is divided by 37.
34
Suppose -5*t - 3*s + 135 = 0, 2*t - 58 = -0*t - 2*s. Let k(r) = r**3 - 23*r**2 - 23*r + 38. What is the remainder when k(t) is divided by 13?
10
Suppose 5*i + 50 = k - 0, 2 = -i. Calculate the remainder when 90 is divided by -5 + k/(-8) + 52.
6
Let y = -769 + 799. What is the remainder when 358 is divided by y?
28
Let o = 102 + -102. Suppose o = 2*t - m - 52, 5*t = 9*t + 4*m - 80. Calculate the remainder when 166 is divided by t.
22
Suppose -214*x + 72*x = -1067840. What is the remainder when x is divided by 3?
2
Suppose 4 = 4*m, 0 = 5*r - 5*m + 32 - 157. Let s = -2571 - -2621. Calculate the remainder when s is divided by r.
24
Calculate the remainder when 1822/8 + -2 - 158/(-632) is divided by 32.
2
Let k(s) = s**2 - 2*s. Let u be k(4). Calculate the rem